{"id":91,"date":"2023-10-16T17:33:31","date_gmt":"2023-10-16T15:33:31","guid":{"rendered":"https:\/\/blasco-electricite.fr\/?page_id=91"},"modified":"2023-10-17T15:04:06","modified_gmt":"2023-10-17T13:04:06","slug":"entreprise","status":"publish","type":"page","link":"https:\/\/blasco-electricite.com\/index.php\/entreprise\/","title":{"rendered":"Entreprise"},"content":{"rendered":"<style>\/*! elementor - v3.16.0 - 09-10-2023 *\/\n.elementor-heading-title{padding:0;margin:0;line-height:1}.elementor-widget-heading .elementor-heading-title[class*=elementor-size-]>a{color:inherit;font-size:inherit;line-height:inherit}.elementor-widget-heading .elementor-heading-title.elementor-size-small{font-size:15px}.elementor-widget-heading .elementor-heading-title.elementor-size-medium{font-size:19px}.elementor-widget-heading .elementor-heading-title.elementor-size-large{font-size:29px}.elementor-widget-heading .elementor-heading-title.elementor-size-xl{font-size:39px}.elementor-widget-heading .elementor-heading-title.elementor-size-xxl{font-size:59px}<\/style>\n<h2>L&rsquo;expert de confiance pour votre entreprise<\/h2>\n<p>Notre objectif est de b\u00e2tir une relation de confiance solide avec votre entreprise.<\/p>\n<p>Nous mettons en avant la s\u00e9curit\u00e9, en assurant des installations conformes aux normes strictes.<\/p>\n<p>Notre approche est ax\u00e9e sur des solutions sur mesure pour r\u00e9pondre \u00e0 vos besoins sp\u00e9cifiques, tout en garantissant une gestion \u00e9nerg\u00e9tique efficace.<\/p>\n<p>En cas de besoin, notre \u00e9quipe r\u00e9active intervient rapidement pour minimiser les interruptions. <\/p>\n<p>Optez pour Blasco \u00c9lectricit\u00e9 pour investir dans la s\u00e9curit\u00e9, l&rsquo;efficacit\u00e9 \u00e9nerg\u00e9tique, et la tranquillit\u00e9 d&rsquo;esprit de votre entreprise, soutenus par une expertise s\u00e9rieuse.<\/p>\n<h2>Ils nous font confiance<\/h2>\n<style>\/*! elementor - v3.16.0 - 09-10-2023 *\/\n.elementor-widget-image{text-align:center}.elementor-widget-image a{display:inline-block}.elementor-widget-image a img[src$=\".svg\"]{width:48px}.elementor-widget-image img{vertical-align:middle;display:inline-block}<\/style>\n<p>\t\t\t\t\t\t\t\t\t\t\t\t<img decoding=\"async\" width=\"300\" height=\"300\" src=\"http:\/\/blasco-electricite.fr\/wp-content\/uploads\/2023\/10\/326092904_504156505135115_7501752792880187883_n-300x300.jpg\" alt=\"\" loading=\"lazy\" srcset=\"https:\/\/blasco-electricite.fr\/wp-content\/uploads\/2023\/10\/326092904_504156505135115_7501752792880187883_n-300x300.jpg 300w, https:\/\/blasco-electricite.fr\/wp-content\/uploads\/2023\/10\/326092904_504156505135115_7501752792880187883_n-150x150.jpg 150w, https:\/\/blasco-electricite.fr\/wp-content\/uploads\/2023\/10\/326092904_504156505135115_7501752792880187883_n-600x600.jpg 600w, https:\/\/blasco-electricite.fr\/wp-content\/uploads\/2023\/10\/326092904_504156505135115_7501752792880187883_n.jpg 708w\" sizes=\"auto, (max-width: 300px) 100vw, 300px\" \/><br \/>\n\t\t\t\t\t\t\t\t\t\t\t\t\t\t\t<img decoding=\"async\" width=\"241\" height=\"210\" src=\"http:\/\/blasco-electricite.fr\/wp-content\/uploads\/2023\/10\/telechargement-1.png\" alt=\"\" loading=\"lazy\" \/><br \/>\n\t\t\t\t\t\t\t\t\t\t\t\t\t\t\t<img decoding=\"async\" width=\"225\" height=\"225\" src=\"http:\/\/blasco-electricite.fr\/wp-content\/uploads\/2023\/10\/telechargement.png\" alt=\"\" loading=\"lazy\" srcset=\"https:\/\/blasco-electricite.fr\/wp-content\/uploads\/2023\/10\/telechargement.png 225w, https:\/\/blasco-electricite.fr\/wp-content\/uploads\/2023\/10\/telechargement-150x150.png 150w\" sizes=\"auto, (max-width: 225px) 100vw, 225px\" \/><br \/>\n\t\t\t<a href=\"#\"><br \/>\n\t\t\t\t\t\tCliquez ici<br \/>\n\t\t\t\t\t<\/a><\/p>\n","protected":false},"excerpt":{"rendered":"<p>L&rsquo;expert de confiance pour votre entreprise Notre objectif est de b\u00e2tir une relation de confiance solide avec votre entreprise. Nous mettons en avant la s\u00e9curit\u00e9, en assurant des installations conformes aux normes strictes. Notre approche est ax\u00e9e sur des solutions sur mesure pour r\u00e9pondre \u00e0 vos besoins sp\u00e9cifiques, tout en garantissant une gestion \u00e9nerg\u00e9tique efficace. [&hellip;]<\/p>\n","protected":false},"author":1,"featured_media":0,"parent":0,"menu_order":0,"comment_status":"closed","ping_status":"closed","template":"","meta":{"footnotes":""},"class_list":["post-91","page","type-page","status-publish","hentry"],"yoast_head":"<!-- This site is optimized with the Yoast SEO plugin v27.3 - https:\/\/yoast.com\/product\/yoast-seo-wordpress\/ -->\n<title>Entreprise - \u00c9LECTRICIENS TOULOUSAINS<\/title>\n<meta name=\"robots\" content=\"index, follow, max-snippet:-1, max-image-preview:large, max-video-preview:-1\" \/>\n<link rel=\"canonical\" href=\"https:\/\/blasco-electricite.com\/index.php\/entreprise\/\" \/>\n<meta property=\"og:locale\" content=\"fr_FR\" \/>\n<meta property=\"og:type\" content=\"article\" \/>\n<meta property=\"og:title\" content=\"Entreprise - \u00c9LECTRICIENS TOULOUSAINS\" \/>\n<meta property=\"og:description\" content=\"L&rsquo;expert de confiance pour votre entreprise Notre objectif est de b\u00e2tir une relation de confiance solide avec votre entreprise. Nous mettons en avant la s\u00e9curit\u00e9, en assurant des installations conformes aux normes strictes. Notre approche est ax\u00e9e sur des solutions sur mesure pour r\u00e9pondre \u00e0 vos besoins sp\u00e9cifiques, tout en garantissant une gestion \u00e9nerg\u00e9tique efficace. [&hellip;]\" \/>\n<meta property=\"og:url\" content=\"https:\/\/blasco-electricite.com\/index.php\/entreprise\/\" \/>\n<meta property=\"og:site_name\" content=\"\u00c9LECTRICIENS TOULOUSAINS\" \/>\n<meta property=\"article:modified_time\" content=\"2023-10-17T13:04:06+00:00\" \/>\n<meta property=\"og:image\" content=\"http:\/\/blasco-electricite.fr\/wp-content\/uploads\/2023\/10\/326092904_504156505135115_7501752792880187883_n-300x300.jpg\" \/>\n<meta name=\"twitter:card\" content=\"summary_large_image\" \/>\n<meta name=\"twitter:label1\" content=\"Dur\u00e9e de lecture estim\u00e9e\" \/>\n\t<meta name=\"twitter:data1\" content=\"1 minute\" \/>\n<script type=\"application\/ld+json\" class=\"yoast-schema-graph\">{\"@context\":\"https:\\\/\\\/schema.org\",\"@graph\":[{\"@type\":\"WebPage\",\"@id\":\"https:\\\/\\\/blasco-electricite.com\\\/index.php\\\/entreprise\\\/\",\"url\":\"https:\\\/\\\/blasco-electricite.com\\\/index.php\\\/entreprise\\\/\",\"name\":\"Entreprise - \u00c9LECTRICIENS TOULOUSAINS\",\"isPartOf\":{\"@id\":\"https:\\\/\\\/blasco-electricite.com\\\/#website\"},\"primaryImageOfPage\":{\"@id\":\"https:\\\/\\\/blasco-electricite.com\\\/index.php\\\/entreprise\\\/#primaryimage\"},\"image\":{\"@id\":\"https:\\\/\\\/blasco-electricite.com\\\/index.php\\\/entreprise\\\/#primaryimage\"},\"thumbnailUrl\":\"http:\\\/\\\/blasco-electricite.fr\\\/wp-content\\\/uploads\\\/2023\\\/10\\\/326092904_504156505135115_7501752792880187883_n-300x300.jpg\",\"datePublished\":\"2023-10-16T15:33:31+00:00\",\"dateModified\":\"2023-10-17T13:04:06+00:00\",\"breadcrumb\":{\"@id\":\"https:\\\/\\\/blasco-electricite.com\\\/index.php\\\/entreprise\\\/#breadcrumb\"},\"inLanguage\":\"fr-FR\",\"potentialAction\":[{\"@type\":\"ReadAction\",\"target\":[\"https:\\\/\\\/blasco-electricite.com\\\/index.php\\\/entreprise\\\/\"]}]},{\"@type\":\"ImageObject\",\"inLanguage\":\"fr-FR\",\"@id\":\"https:\\\/\\\/blasco-electricite.com\\\/index.php\\\/entreprise\\\/#primaryimage\",\"url\":\"http:\\\/\\\/blasco-electricite.fr\\\/wp-content\\\/uploads\\\/2023\\\/10\\\/326092904_504156505135115_7501752792880187883_n-300x300.jpg\",\"contentUrl\":\"http:\\\/\\\/blasco-electricite.fr\\\/wp-content\\\/uploads\\\/2023\\\/10\\\/326092904_504156505135115_7501752792880187883_n-300x300.jpg\"},{\"@type\":\"BreadcrumbList\",\"@id\":\"https:\\\/\\\/blasco-electricite.com\\\/index.php\\\/entreprise\\\/#breadcrumb\",\"itemListElement\":[{\"@type\":\"ListItem\",\"position\":1,\"name\":\"Accueil\",\"item\":\"https:\\\/\\\/blasco-electricite.com\\\/\"},{\"@type\":\"ListItem\",\"position\":2,\"name\":\"Entreprise\"}]},{\"@type\":\"WebSite\",\"@id\":\"https:\\\/\\\/blasco-electricite.com\\\/#website\",\"url\":\"https:\\\/\\\/blasco-electricite.com\\\/\",\"name\":\"\u00c9LECTRICIENS TOULOUSAINS\",\"description\":\"\",\"publisher\":{\"@id\":\"https:\\\/\\\/blasco-electricite.com\\\/#organization\"},\"potentialAction\":[{\"@type\":\"SearchAction\",\"target\":{\"@type\":\"EntryPoint\",\"urlTemplate\":\"https:\\\/\\\/blasco-electricite.com\\\/?s={search_term_string}\"},\"query-input\":{\"@type\":\"PropertyValueSpecification\",\"valueRequired\":true,\"valueName\":\"search_term_string\"}}],\"inLanguage\":\"fr-FR\"},{\"@type\":\"Organization\",\"@id\":\"https:\\\/\\\/blasco-electricite.com\\\/#organization\",\"name\":\"\u00c9LECTRICIENS TOULOUSAINS\",\"url\":\"https:\\\/\\\/blasco-electricite.com\\\/\",\"logo\":{\"@type\":\"ImageObject\",\"inLanguage\":\"fr-FR\",\"@id\":\"https:\\\/\\\/blasco-electricite.com\\\/#\\\/schema\\\/logo\\\/image\\\/\",\"url\":\"https:\\\/\\\/blasco-electricite.com\\\/wp-content\\\/uploads\\\/2025\\\/07\\\/cropped-Fichier-4logo-blasco-accuiel.png\",\"contentUrl\":\"https:\\\/\\\/blasco-electricite.com\\\/wp-content\\\/uploads\\\/2025\\\/07\\\/cropped-Fichier-4logo-blasco-accuiel.png\",\"width\":1124,\"height\":560,\"caption\":\"\u00c9LECTRICIENS TOULOUSAINS\"},\"image\":{\"@id\":\"https:\\\/\\\/blasco-electricite.com\\\/#\\\/schema\\\/logo\\\/image\\\/\"},\"sameAs\":[\"https:\\\/\\\/www.linkedin.com\\\/company\\\/blasco-electricit\\\/about\\\/\"]}]}<\/script>\n<!-- \/ Yoast SEO plugin. -->","yoast_head_json":{"title":"Entreprise - \u00c9LECTRICIENS TOULOUSAINS","robots":{"index":"index","follow":"follow","max-snippet":"max-snippet:-1","max-image-preview":"max-image-preview:large","max-video-preview":"max-video-preview:-1"},"canonical":"https:\/\/blasco-electricite.com\/index.php\/entreprise\/","og_locale":"fr_FR","og_type":"article","og_title":"Entreprise - \u00c9LECTRICIENS TOULOUSAINS","og_description":"L&rsquo;expert de confiance pour votre entreprise Notre objectif est de b\u00e2tir une relation de confiance solide avec votre entreprise. Nous mettons en avant la s\u00e9curit\u00e9, en assurant des installations conformes aux normes strictes. Notre approche est ax\u00e9e sur des solutions sur mesure pour r\u00e9pondre \u00e0 vos besoins sp\u00e9cifiques, tout en garantissant une gestion \u00e9nerg\u00e9tique efficace. [&hellip;]","og_url":"https:\/\/blasco-electricite.com\/index.php\/entreprise\/","og_site_name":"\u00c9LECTRICIENS TOULOUSAINS","article_modified_time":"2023-10-17T13:04:06+00:00","og_image":[{"url":"http:\/\/blasco-electricite.fr\/wp-content\/uploads\/2023\/10\/326092904_504156505135115_7501752792880187883_n-300x300.jpg","type":"","width":"","height":""}],"twitter_card":"summary_large_image","twitter_misc":{"Dur\u00e9e de lecture estim\u00e9e":"1 minute"},"schema":{"@context":"https:\/\/schema.org","@graph":[{"@type":"WebPage","@id":"https:\/\/blasco-electricite.com\/index.php\/entreprise\/","url":"https:\/\/blasco-electricite.com\/index.php\/entreprise\/","name":"Entreprise - \u00c9LECTRICIENS TOULOUSAINS","isPartOf":{"@id":"https:\/\/blasco-electricite.com\/#website"},"primaryImageOfPage":{"@id":"https:\/\/blasco-electricite.com\/index.php\/entreprise\/#primaryimage"},"image":{"@id":"https:\/\/blasco-electricite.com\/index.php\/entreprise\/#primaryimage"},"thumbnailUrl":"http:\/\/blasco-electricite.fr\/wp-content\/uploads\/2023\/10\/326092904_504156505135115_7501752792880187883_n-300x300.jpg","datePublished":"2023-10-16T15:33:31+00:00","dateModified":"2023-10-17T13:04:06+00:00","breadcrumb":{"@id":"https:\/\/blasco-electricite.com\/index.php\/entreprise\/#breadcrumb"},"inLanguage":"fr-FR","potentialAction":[{"@type":"ReadAction","target":["https:\/\/blasco-electricite.com\/index.php\/entreprise\/"]}]},{"@type":"ImageObject","inLanguage":"fr-FR","@id":"https:\/\/blasco-electricite.com\/index.php\/entreprise\/#primaryimage","url":"http:\/\/blasco-electricite.fr\/wp-content\/uploads\/2023\/10\/326092904_504156505135115_7501752792880187883_n-300x300.jpg","contentUrl":"http:\/\/blasco-electricite.fr\/wp-content\/uploads\/2023\/10\/326092904_504156505135115_7501752792880187883_n-300x300.jpg"},{"@type":"BreadcrumbList","@id":"https:\/\/blasco-electricite.com\/index.php\/entreprise\/#breadcrumb","itemListElement":[{"@type":"ListItem","position":1,"name":"Accueil","item":"https:\/\/blasco-electricite.com\/"},{"@type":"ListItem","position":2,"name":"Entreprise"}]},{"@type":"WebSite","@id":"https:\/\/blasco-electricite.com\/#website","url":"https:\/\/blasco-electricite.com\/","name":"\u00c9LECTRICIENS TOULOUSAINS","description":"","publisher":{"@id":"https:\/\/blasco-electricite.com\/#organization"},"potentialAction":[{"@type":"SearchAction","target":{"@type":"EntryPoint","urlTemplate":"https:\/\/blasco-electricite.com\/?s={search_term_string}"},"query-input":{"@type":"PropertyValueSpecification","valueRequired":true,"valueName":"search_term_string"}}],"inLanguage":"fr-FR"},{"@type":"Organization","@id":"https:\/\/blasco-electricite.com\/#organization","name":"\u00c9LECTRICIENS TOULOUSAINS","url":"https:\/\/blasco-electricite.com\/","logo":{"@type":"ImageObject","inLanguage":"fr-FR","@id":"https:\/\/blasco-electricite.com\/#\/schema\/logo\/image\/","url":"https:\/\/blasco-electricite.com\/wp-content\/uploads\/2025\/07\/cropped-Fichier-4logo-blasco-accuiel.png","contentUrl":"https:\/\/blasco-electricite.com\/wp-content\/uploads\/2025\/07\/cropped-Fichier-4logo-blasco-accuiel.png","width":1124,"height":560,"caption":"\u00c9LECTRICIENS TOULOUSAINS"},"image":{"@id":"https:\/\/blasco-electricite.com\/#\/schema\/logo\/image\/"},"sameAs":["https:\/\/www.linkedin.com\/company\/blasco-electricit\/about\/"]}]}},"jetpack_sharing_enabled":true,"_links":{"self":[{"href":"https:\/\/blasco-electricite.com\/index.php\/wp-json\/wp\/v2\/pages\/91","targetHints":{"allow":["GET"]}}],"collection":[{"href":"https:\/\/blasco-electricite.com\/index.php\/wp-json\/wp\/v2\/pages"}],"about":[{"href":"https:\/\/blasco-electricite.com\/index.php\/wp-json\/wp\/v2\/types\/page"}],"author":[{"embeddable":true,"href":"https:\/\/blasco-electricite.com\/index.php\/wp-json\/wp\/v2\/users\/1"}],"replies":[{"embeddable":true,"href":"https:\/\/blasco-electricite.com\/index.php\/wp-json\/wp\/v2\/comments?post=91"}],"version-history":[{"count":4,"href":"https:\/\/blasco-electricite.com\/index.php\/wp-json\/wp\/v2\/pages\/91\/revisions"}],"predecessor-version":[{"id":196,"href":"https:\/\/blasco-electricite.com\/index.php\/wp-json\/wp\/v2\/pages\/91\/revisions\/196"}],"wp:attachment":[{"href":"https:\/\/blasco-electricite.com\/index.php\/wp-json\/wp\/v2\/media?parent=91"}],"curies":[{"name":"wp","href":"https:\/\/api.w.org\/{rel}","templated":true}]}}